{"id":8006,"date":"2025-01-20T14:26:25","date_gmt":"2025-01-20T14:26:25","guid":{"rendered":"https:\/\/andbeerandorra.com\/?post_type=product&#038;p=8006"},"modified":"2025-02-04T17:05:03","modified_gmt":"2025-02-04T17:05:03","slug":"ipa-de-muntanya","status":"publish","type":"product","link":"https:\/\/andbeerandorra.com\/index.php\/product\/ipa-de-muntanya\/","title":{"rendered":"ipa de muntanya"},"content":{"rendered":"<div class=\"page\" title=\"Page 8\">\n<div class=\"section\">\n<div class=\"layoutArea\">\n<div class=\"column\">\n<p>L&#8217;IPA e\u0301s una cervesa amarga i aroma\u0300tica, elaborada amb una gran quantitat de llu\u0301pols, que li confereixen notes ci\u0301triques i florals. El seu color daurat i la seva escuma generosa la fan ideal per als amants de les cerveses amb personalitat, fresca i intensa. Perfecta per aquells que busquen una experie\u0300ncia de sabor intensa i refrescant.<\/p>\n<\/div>\n<\/div>\n<\/div>\n<\/div>\n","protected":false},"excerpt":{"rendered":"<p>L&#8217;IPA \u00e9s una cervesa amarga i arom\u00e0tica, amb notes c\u00edtriques i florals, ideal per a cerveses fresques i intenses.<\/p>\n","protected":false},"featured_media":7991,"comment_status":"closed","ping_status":"closed","template":"","meta":[],"product_cat":[58],"product_tag":[59,65],"class_list":{"0":"post-8006","1":"product","2":"type-product","3":"status-publish","4":"has-post-thumbnail","6":"product_cat-cervesa","7":"product_tag-cervesa-artesanal","8":"product_tag-ipa","10":"first","11":"instock","12":"shipping-taxable","13":"product-type-grouped"},"_links":{"self":[{"href":"https:\/\/andbeerandorra.com\/index.php\/wp-json\/wp\/v2\/product\/8006"}],"collection":[{"href":"https:\/\/andbeerandorra.com\/index.php\/wp-json\/wp\/v2\/product"}],"about":[{"href":"https:\/\/andbeerandorra.com\/index.php\/wp-json\/wp\/v2\/types\/product"}],"replies":[{"embeddable":true,"href":"https:\/\/andbeerandorra.com\/index.php\/wp-json\/wp\/v2\/comments?post=8006"}],"wp:featuredmedia":[{"embeddable":true,"href":"https:\/\/andbeerandorra.com\/index.php\/wp-json\/wp\/v2\/media\/7991"}],"wp:attachment":[{"href":"https:\/\/andbeerandorra.com\/index.php\/wp-json\/wp\/v2\/media?parent=8006"}],"wp:term":[{"taxonomy":"product_cat","embeddable":true,"href":"https:\/\/andbeerandorra.com\/index.php\/wp-json\/wp\/v2\/product_cat?post=8006"},{"taxonomy":"product_tag","embeddable":true,"href":"https:\/\/andbeerandorra.com\/index.php\/wp-json\/wp\/v2\/product_tag?post=8006"}],"curies":[{"name":"wp","href":"https:\/\/api.w.org\/{rel}","templated":true}]}}